{"id":274,"date":"2023-04-12T12:50:55","date_gmt":"2023-04-12T18:50:55","guid":{"rendered":"https:\/\/lasallecuernavaca.edu.mx\/CC5\/171047\/?page_id=274"},"modified":"2025-03-06T17:54:55","modified_gmt":"2025-03-06T23:54:55","slug":"contactanos","status":"publish","type":"page","link":"https:\/\/lasallecuernavaca.edu.mx\/eventos\/asinea112\/contactanos\/","title":{"rendered":"Contactanos"},"content":{"rendered":"\t\t<div data-elementor-type=\"wp-post\" data-elementor-id=\"274\" class=\"elementor elementor-274\">\n\t\t\t\t\t\t\t\t\t<section class=\"elementor-section elementor-top-section elementor-element elementor-element-5b985cc elementor-section-boxed elementor-section-height-default elementor-section-height-default\" data-id=\"5b985cc\" data-element_type=\"section\">\n\t\t\t\t\t\t<div class=\"elementor-container elementor-column-gap-default\">\n\t\t\t\t\t<div class=\"elementor-column elementor-col-100 elementor-top-column elementor-element elementor-element-c620e20\" data-id=\"c620e20\" data-element_type=\"column\">\n\t\t\t<div class=\"elementor-widget-wrap elementor-element-populated\">\n\t\t\t\t\t\t\t\t<div class=\"elementor-element elementor-element-8239c1d elementor-widget elementor-widget-heading\" data-id=\"8239c1d\" data-element_type=\"widget\" data-widget_type=\"heading.default\">\n\t\t\t\t<div class=\"elementor-widget-container\">\n\t\t\t<style>\/*! elementor - v3.17.0 - 08-11-2023 *\/\n.elementor-heading-title{padding:0;margin:0;line-height:1}.elementor-widget-heading .elementor-heading-title[class*=elementor-size-]>a{color:inherit;font-size:inherit;line-height:inherit}.elementor-widget-heading .elementor-heading-title.elementor-size-small{font-size:15px}.elementor-widget-heading .elementor-heading-title.elementor-size-medium{font-size:19px}.elementor-widget-heading .elementor-heading-title.elementor-size-large{font-size:29px}.elementor-widget-heading .elementor-heading-title.elementor-size-xl{font-size:39px}.elementor-widget-heading .elementor-heading-title.elementor-size-xxl{font-size:59px}<\/style><h2 class=\"elementor-heading-title elementor-size-default\">Directorio de contacto<\/h2>\t\t<\/div>\n\t\t\t\t<\/div>\n\t\t\t\t\t<\/div>\n\t\t<\/div>\n\t\t\t\t\t\t\t<\/div>\n\t\t<\/section>\n\t\t\t\t<section class=\"elementor-section elementor-top-section elementor-element elementor-element-34bbdf9 elementor-section-boxed elementor-section-height-default elementor-section-height-default\" data-id=\"34bbdf9\" data-element_type=\"section\">\n\t\t\t\t\t\t<div class=\"elementor-container elementor-column-gap-default\">\n\t\t\t\t\t<div class=\"elementor-column elementor-col-100 elementor-top-column elementor-element elementor-element-a558a70\" data-id=\"a558a70\" data-element_type=\"column\">\n\t\t\t<div class=\"elementor-widget-wrap elementor-element-populated\">\n\t\t\t\t\t\t\t\t<section class=\"elementor-section elementor-inner-section elementor-element elementor-element-7963304 elementor-section-boxed elementor-section-height-default elementor-section-height-default\" data-id=\"7963304\" data-element_type=\"section\">\n\t\t\t\t\t\t<div class=\"elementor-container elementor-column-gap-default\">\n\t\t\t\t\t<div class=\"elementor-column elementor-col-50 elementor-inner-column elementor-element elementor-element-c1cf57c\" data-id=\"c1cf57c\" data-element_type=\"column\">\n\t\t\t<div class=\"elementor-widget-wrap elementor-element-populated\">\n\t\t\t\t\t\t\t\t<div class=\"elementor-element elementor-element-d57c4ef elementor-widget elementor-widget-spacer\" data-id=\"d57c4ef\" data-element_type=\"widget\" data-widget_type=\"spacer.default\">\n\t\t\t\t<div class=\"elementor-widget-container\">\n\t\t\t<style>\/*! elementor - v3.17.0 - 08-11-2023 *\/\n.elementor-column .elementor-spacer-inner{height:var(--spacer-size)}.e-con{--container-widget-width:100%}.e-con-inner>.elementor-widget-spacer,.e-con>.elementor-widget-spacer{width:var(--container-widget-width,var(--spacer-size));--align-self:var(--container-widget-align-self,initial);--flex-shrink:0}.e-con-inner>.elementor-widget-spacer>.elementor-widget-container,.e-con>.elementor-widget-spacer>.elementor-widget-container{height:100%;width:100%}.e-con-inner>.elementor-widget-spacer>.elementor-widget-container>.elementor-spacer,.e-con>.elementor-widget-spacer>.elementor-widget-container>.elementor-spacer{height:100%}.e-con-inner>.elementor-widget-spacer>.elementor-widget-container>.elementor-spacer>.elementor-spacer-inner,.e-con>.elementor-widget-spacer>.elementor-widget-container>.elementor-spacer>.elementor-spacer-inner{height:var(--container-widget-height,var(--spacer-size))}.e-con-inner>.elementor-widget-spacer.elementor-widget-empty,.e-con>.elementor-widget-spacer.elementor-widget-empty{position:relative;min-height:22px;min-width:22px}.e-con-inner>.elementor-widget-spacer.elementor-widget-empty .elementor-widget-empty-icon,.e-con>.elementor-widget-spacer.elementor-widget-empty .elementor-widget-empty-icon{position:absolute;top:0;bottom:0;left:0;right:0;margin:auto;padding:0;width:22px;height:22px}<\/style>\t\t<div class=\"elementor-spacer\">\n\t\t\t<div class=\"elementor-spacer-inner\"><\/div>\n\t\t<\/div>\n\t\t\t\t<\/div>\n\t\t\t\t<\/div>\n\t\t\t\t<div class=\"elementor-element elementor-element-7b0c90f elementor-widget__width-initial elementor-widget elementor-widget-image\" data-id=\"7b0c90f\" data-element_type=\"widget\" data-widget_type=\"image.default\">\n\t\t\t\t<div class=\"elementor-widget-container\">\n\t\t\t<style>\/*! elementor - v3.17.0 - 08-11-2023 *\/\n.elementor-widget-image{text-align:center}.elementor-widget-image a{display:inline-block}.elementor-widget-image a img[src$=\".svg\"]{width:48px}.elementor-widget-image img{vertical-align:middle;display:inline-block}<\/style>\t\t\t\t\t\t\t\t\t\t\t\t<img loading=\"lazy\" decoding=\"async\" width=\"768\" height=\"768\" src=\"https:\/\/i1.wp.com\/lasallecuernavaca.edu.mx\/eventos\/asinea112\/wp-content\/uploads\/2024\/10\/275942186_3193912014179241_7100196812295260031_n-1.jpg?fit=768%2C768&amp;ssl=1\" class=\"attachment-medium_large size-medium_large wp-image-1396\" alt=\"\" srcset=\"https:\/\/i1.wp.com\/lasallecuernavaca.edu.mx\/eventos\/asinea112\/wp-content\/uploads\/2024\/10\/275942186_3193912014179241_7100196812295260031_n-1.jpg?w=853&amp;ssl=1 853w, https:\/\/i1.wp.com\/lasallecuernavaca.edu.mx\/eventos\/asinea112\/wp-content\/uploads\/2024\/10\/275942186_3193912014179241_7100196812295260031_n-1.jpg?resize=300%2C300&amp;ssl=1 300w, https:\/\/i1.wp.com\/lasallecuernavaca.edu.mx\/eventos\/asinea112\/wp-content\/uploads\/2024\/10\/275942186_3193912014179241_7100196812295260031_n-1.jpg?resize=150%2C150&amp;ssl=1 150w, https:\/\/i1.wp.com\/lasallecuernavaca.edu.mx\/eventos\/asinea112\/wp-content\/uploads\/2024\/10\/275942186_3193912014179241_7100196812295260031_n-1.jpg?resize=768%2C768&amp;ssl=1 768w\" sizes=\"(max-width: 768px) 100vw, 768px\" \/>\t\t\t\t\t\t\t\t\t\t\t\t\t\t\t<\/div>\n\t\t\t\t<\/div>\n\t\t\t\t\t<\/div>\n\t\t<\/div>\n\t\t\t\t<div class=\"elementor-column elementor-col-50 elementor-inner-column elementor-element elementor-element-fd4a56a\" data-id=\"fd4a56a\" data-element_type=\"column\">\n\t\t\t<div class=\"elementor-widget-wrap elementor-element-populated\">\n\t\t\t\t\t\t\t\t<div class=\"elementor-element elementor-element-a894583 elementor-widget elementor-widget-text-editor\" data-id=\"a894583\" data-element_type=\"widget\" data-widget_type=\"text-editor.default\">\n\t\t\t\t<div class=\"elementor-widget-container\">\n\t\t\t<style>\/*! elementor - v3.17.0 - 08-11-2023 *\/\n.elementor-widget-text-editor.elementor-drop-cap-view-stacked .elementor-drop-cap{background-color:#69727d;color:#fff}.elementor-widget-text-editor.elementor-drop-cap-view-framed .elementor-drop-cap{color:#69727d;border:3px solid;background-color:transparent}.elementor-widget-text-editor:not(.elementor-drop-cap-view-default) .elementor-drop-cap{margin-top:8px}.elementor-widget-text-editor:not(.elementor-drop-cap-view-default) .elementor-drop-cap-letter{width:1em;height:1em}.elementor-widget-text-editor .elementor-drop-cap{float:left;text-align:center;line-height:1;font-size:50px}.elementor-widget-text-editor .elementor-drop-cap-letter{display:inline-block}<\/style>\t\t\t\t<p style=\"font-size: 14.592px; font-style: normal; text-align: justify;\"><span style=\"color: var( --e-global-color-text ); font-family: var( --e-global-typography-text-font-family ), Sans-serif; font-size: 1rem; font-style: inherit;\"><b>Programaci\u00f3n de actividades, conferencias, ponencias y talleres<\/b><b><br><\/b><\/span><span style=\"font-weight: inherit; font-size: 16px; font-style: inherit; color: var( --e-global-color-text ); font-family: var( --e-global-typography-text-font-family ), Sans-serif; background-color: var(--ast-global-color-5);\">ARQ. Francisco Ramirez D\u00edaz<br><\/span><span style=\"background-color: var(--ast-global-color-5); color: var( --e-global-color-text ); font-family: var( --e-global-typography-text-font-family ), Sans-serif; font-style: inherit; font-weight: inherit; font-size: 16px;\"><u>a<\/u><\/span><u style=\"color: var( --e-global-color-text ); font-family: var( --e-global-typography-text-font-family ), Sans-serif; font-style: inherit; font-weight: inherit; font-size: 16px;\">rquitectura.eadyc@lasallecuernavaca.edu.mx<\/u><\/p>\n<p><span style=\"font-style: inherit; color: var( --e-global-color-text ); font-family: var( --e-global-typography-text-font-family ), Sans-serif; background-color: var(--ast-global-color-5);\"><b>L<\/b><\/span><span style=\"font-style: inherit; color: var( --e-global-color-text ); font-family: var( --e-global-typography-text-font-family ), Sans-serif; background-color: var(--ast-global-color-5);\"><b>og\u00edstica y atenci\u00f3n a expositores<\/b><br><span style=\"font-weight: inherit;\">M.Ed. Fernanda Andere G\u00f3mez<\/span><br><span style=\"font-weight: inherit;\"><u>comunicacion.eadyc@lasallecuernavaca.edu.mx<\/u><\/span><\/span><\/p>\n<p><span style=\"font-style: inherit; color: var( --e-global-color-text ); font-family: var( --e-global-typography-text-font-family ), Sans-serif; background-color: var(--ast-global-color-5);\"><b>Comunicaci\u00f3n, imagen y dise\u00f1o<\/b><br><span style=\"font-weight: inherit;\">LDG. Margarita Sig\u00fcenza Cancino<\/span><br><span style=\"font-weight: inherit;\"><u>direccion.eadyc@lasallecuernavaca.edu.mx<\/u><\/span><br><\/span><\/p>\n<p><span style=\"font-weight: bold;\">Pagos y facturaci\u00f3n<\/span><br>Jos\u00e9 Tom\u00e1s Hern\u00e1ndez S\u00e1nchez<br><u>facturas.asinea@lasallecuernavaca.edu.mx<\/u><b><\/b><\/p>\n<p><b>Preguntas y atenci\u00f3n general<\/b><br><u>asinea@lasallecuernavaca.edu.mx<\/u><\/p>\n<p style=\"font-size: 14.592px; font-style: normal; font-weight: 400; text-align: justify;\">\n<\/p>\t\t\t\t\t\t<\/div>\n\t\t\t\t<\/div>\n\t\t\t\t\t<\/div>\n\t\t<\/div>\n\t\t\t\t\t\t\t<\/div>\n\t\t<\/section>\n\t\t\t\t\t<\/div>\n\t\t<\/div>\n\t\t\t\t\t\t\t<\/div>\n\t\t<\/section>\n\t\t\t\t<section class=\"elementor-section elementor-top-section elementor-element elementor-element-5479f858 elementor-section-boxed elementor-section-height-default elementor-section-height-default\" data-id=\"5479f858\" data-element_type=\"section\" data-settings=\"{&quot;background_background&quot;:&quot;classic&quot;}\">\n\t\t\t\t\t\t<div class=\"elementor-container elementor-column-gap-default\">\n\t\t\t\t\t<div class=\"elementor-column elementor-col-50 elementor-top-column elementor-element elementor-element-3a06ed21\" data-id=\"3a06ed21\" data-element_type=\"column\">\n\t\t\t<div class=\"elementor-widget-wrap elementor-element-populated\">\n\t\t\t\t\t\t\t\t<div class=\"elementor-element elementor-element-68b5bd64 elementor-widget elementor-widget-heading\" data-id=\"68b5bd64\" data-element_type=\"widget\" data-widget_type=\"heading.default\">\n\t\t\t\t<div class=\"elementor-widget-container\">\n\t\t\t<h2 class=\"elementor-heading-title elementor-size-default\"><font face=\"Indivisa Text Sans\"><span style=\"font-size: 21.3333px;\">112 ASINEA<\/span><\/font><\/h2>\t\t<\/div>\n\t\t\t\t<\/div>\n\t\t\t\t<div class=\"elementor-element elementor-element-74d406d0 elementor-widget elementor-widget-text-editor\" data-id=\"74d406d0\" data-element_type=\"widget\" data-widget_type=\"text-editor.default\">\n\t\t\t\t<div class=\"elementor-widget-container\">\n\t\t\t\t\t\t\t<p>asinea@lasallecuernavaca.edu.mx<\/p><p>Universidad La Salle Cuernavaca.<br \/>Nueva Inglaterra S\/N esq. Nicol\u00e1s Bravo.<br \/>CP 62230. Cuernavaca, Morelos<br \/>777 3 11 55 25 Ext 800 y 801<\/p>\t\t\t\t\t\t<\/div>\n\t\t\t\t<\/div>\n\t\t\t\t\t<\/div>\n\t\t<\/div>\n\t\t\t\t<div class=\"elementor-column elementor-col-50 elementor-top-column elementor-element elementor-element-43a2be44\" data-id=\"43a2be44\" data-element_type=\"column\">\n\t\t\t<div class=\"elementor-widget-wrap elementor-element-populated\">\n\t\t\t\t\t\t\t\t<div class=\"elementor-element elementor-element-5505adb6 elementor-widget elementor-widget-google_maps\" data-id=\"5505adb6\" data-element_type=\"widget\" data-widget_type=\"google_maps.default\">\n\t\t\t\t<div class=\"elementor-widget-container\">\n\t\t\t<style>\/*! elementor - v3.17.0 - 08-11-2023 *\/\n.elementor-widget-google_maps .elementor-widget-container{overflow:hidden}.elementor-widget-google_maps .elementor-custom-embed{line-height:0}.elementor-widget-google_maps iframe{height:300px}<\/style>\t\t<div class=\"elementor-custom-embed\">\n\t\t\t<iframe loading=\"lazy\"\n\t\t\t\t\tsrc=\"https:\/\/maps.google.com\/maps?q=universidad%20la%20salle%20cuernavaca&#038;t=m&#038;z=16&#038;output=embed&#038;iwloc=near\"\n\t\t\t\t\ttitle=\"universidad la salle cuernavaca\"\n\t\t\t\t\taria-label=\"universidad la salle cuernavaca\"\n\t\t\t><\/iframe>\n\t\t<\/div>\n\t\t\t\t<\/div>\n\t\t\t\t<\/div>\n\t\t\t\t\t<\/div>\n\t\t<\/div>\n\t\t\t\t\t\t\t<\/div>\n\t\t<\/section>\n\t\t\t\t\t\t\t<\/div>\n\t\t","protected":false},"excerpt":{"rendered":"<p>Directorio de contacto Programaci\u00f3n de actividades, conferencias, ponencias y talleresARQ. Francisco Ramirez D\u00edazarquitectura.eadyc@lasallecuernavaca.edu.mx Log\u00edstica y atenci\u00f3n a expositoresM.Ed. Fernanda Andere G\u00f3mezcomunicacion.eadyc@lasallecuernavaca.edu.mx Comunicaci\u00f3n, imagen y dise\u00f1oLDG. Margarita Sig\u00fcenza Cancinodireccion.eadyc@lasallecuernavaca.edu.mx Pagos y facturaci\u00f3nJos\u00e9 Tom\u00e1s Hern\u00e1ndez S\u00e1nchezfacturas.asinea@lasallecuernavaca.edu.mx Preguntas y atenci\u00f3n generalasinea@lasallecuernavaca.edu.mx 112 ASINEA asinea@lasallecuernavaca.edu.mx Universidad La Salle Cuernavaca.Nueva Inglaterra S\/N esq. Nicol\u00e1s Bravo.CP 62230. Cuernavaca, Morelos777 3 11 &hellip;<\/p>\n<p class=\"read-more\"> <a class=\"\" href=\"https:\/\/lasallecuernavaca.edu.mx\/eventos\/asinea112\/contactanos\/\"> <span class=\"screen-reader-text\">Contactanos<\/span> Leer m\u00e1s &raquo;<\/a><\/p>\n","protected":false},"author":8,"featured_media":0,"parent":0,"menu_order":0,"comment_status":"closed","ping_status":"closed","template":"","meta":{"_coblocks_attr":"","_coblocks_dimensions":"","_coblocks_responsive_height":"","_coblocks_accordion_ie_support":"","site-sidebar-layout":"no-sidebar","site-content-layout":"page-builder","ast-global-header-display":"","ast-main-header-display":"","ast-hfb-above-header-display":"","ast-hfb-below-header-display":"","ast-hfb-mobile-header-display":"","site-post-title":"disabled","ast-breadcrumbs-content":"","ast-featured-img":"disabled","footer-sml-layout":"","theme-transparent-header-meta":"","adv-header-id-meta":"","stick-header-meta":"","header-above-stick-meta":"","header-main-stick-meta":"","header-below-stick-meta":"","spay_email":"","footnotes":""},"jetpack_sharing_enabled":false,"jetpack_likes_enabled":false,"_links":{"self":[{"href":"https:\/\/lasallecuernavaca.edu.mx\/eventos\/asinea112\/wp-json\/wp\/v2\/pages\/274"}],"collection":[{"href":"https:\/\/lasallecuernavaca.edu.mx\/eventos\/asinea112\/wp-json\/wp\/v2\/pages"}],"about":[{"href":"https:\/\/lasallecuernavaca.edu.mx\/eventos\/asinea112\/wp-json\/wp\/v2\/types\/page"}],"author":[{"embeddable":true,"href":"https:\/\/lasallecuernavaca.edu.mx\/eventos\/asinea112\/wp-json\/wp\/v2\/users\/8"}],"replies":[{"embeddable":true,"href":"https:\/\/lasallecuernavaca.edu.mx\/eventos\/asinea112\/wp-json\/wp\/v2\/comments?post=274"}],"version-history":[{"count":69,"href":"https:\/\/lasallecuernavaca.edu.mx\/eventos\/asinea112\/wp-json\/wp\/v2\/pages\/274\/revisions"}],"predecessor-version":[{"id":1657,"href":"https:\/\/lasallecuernavaca.edu.mx\/eventos\/asinea112\/wp-json\/wp\/v2\/pages\/274\/revisions\/1657"}],"wp:attachment":[{"href":"https:\/\/lasallecuernavaca.edu.mx\/eventos\/asinea112\/wp-json\/wp\/v2\/media?parent=274"}],"curies":[{"name":"wp","href":"https:\/\/api.w.org\/{rel}","templated":true}]}}